n divisor of 387 and v?
43
Let h(m) = 4*m - 10. Let t be h(4). Let u(o) = -o**2 + 13*o - 10. Let f be u(10). Let w be (144/f)/((-6)/(-45)). What is the highest common factor of t and w?
6
Let a be 6/18 + (-28)/(-6). Suppose -106*i - 24 = -118*i. Calculate the highest common factor of a and i.
1
Suppose 5*k - 24 = 1. Suppose 0 = k*h - 3*h - b - 22, -h - 3*b = -25. What is the highest common divisor of 104 and h?
13
Let f(w) = w**3 - 7*w**2 + w + 8. Let g be f(7). Suppose -g*o - 126 = -16*o. What is the greatest common factor of 14 and o?
14
Suppose 5*c = -3*r + 151, -3*c + 91 = 4*r - 2*r. What is the highest common divisor of 3016 and c?
29
Suppose 0 = 5*x + 15, 5*v - 553 = -4*x - 50. Suppose 0 = 5*o - v - 377. What is the highest common factor of o and 24?
24
Suppose -5*i - 4*c + 476 = 0, 2*c - 468 = -5*i - 0*c. What is the greatest common factor of i and 414?
46
Suppose -q + 3*n = 254 - 1776, 0 = 3*q - 4*n - 4586. Calculate the highest common divisor of 26 and q.
26
Suppose 0 = -194*b + 143*b + 2193. Suppose 2*a = -3*a + 645. What is the greatest common divisor of a and b?
43
Let m(i) = i**3 - 13*i**2 + 13*i - 139. Let u be m(13). Calculate the greatest common factor of 2 and u.
2
Let f(o) = -o**2 - o + 2. Let m be f(0). Let a be (-2 + 3)/(2*(-3)/(-24)). What is the highest common factor of a and m?
2
Suppose -7*x + 2*x = -185. Suppose -3*f - x = -w, -f - f - 90 = -3*w. Calculate the highest common factor of 4 and w.
4
Let b(l) = 2*l**2 - 16*l - 12. Let k be b(11). Suppose -4*q = -14 - k. What is the highest common factor of q and 17?
17
Let n be ((-63)/12)/(-7)*48. Suppose -111 = -3*u - n. What is the greatest common factor of u and 50?
25
Suppose -2*d + 32 = -0*d. Let s = -6738 + 6754. Calculate the greatest common divisor of s and d.
16
Let p(d) = -2*d + 4. Let k = -24 + 16. Let l be p(k). Suppose 4*h + 4 = 0, 2*h + 122 = 4*x - 0*h. What is the highest common divisor of x and l?
10
Let z = 1303 - 1123. Let t be (1 + -3)/(-1) - 2. Suppose 0 = 5*i + 2*s - s - 95, t = -i + 5*s + 45. Calculate the greatest common divisor of i and z.
20
Let m be (-86)/(13/((-1053)/18)). What is the greatest common factor of m and 18?
9
Suppose 24 = -10*d + 4*d. Let u be ((-14)/d)/((-85)/30 - -3). Calculate the greatest common divisor of 14 and u.
7
Let v(m) = 2*m**3 + 40*m**2 - 10*m - 68. Let f be v(-20). What is the highest common factor of f and 72?
12
Let x = 34 + -25. Let o = -9 + 10. Let z(t) = 9*t**3 + t**2 - 1. Let n be z(o). Calculate the greatest common divisor of n and x.
9
Suppose k - 1 = 5*g + 16, 0 = 4*k + 5*g - 193. What is the greatest common divisor of 6 and k?
6
Suppose 31*p = 96 + 1051. What is the greatest common divisor of 481 and p?
37
Suppose -3*k - 39 = 2*g - 4*g, -3*k + 81 = 3*g. Suppose g*r - 31 = 23*r. Calculate the greatest common divisor of 248 and r.
31
Let q(g) = g**3. Let z be q(-1). Let l = 7 - z. Suppose -10*b + 504 + 376 = 0. Calculate the highest common divisor of b and l.
8
Suppose 14 = 3*s + 2*j, -2*j - 1 - 15 = -2*s. Suppose -5*l = -8*l + s. What is the highest common divisor of l and 18?
2
Suppose 6 = -6*q - 0*q. Let h be (7 - 1)/q*-1. Calculate the highest common divisor of 8 and h.
2
Let y be (-1 + 6)/((-3)/21). Let v = 56 + 30. Let m = y + v. Calculate the highest common divisor of 17 and m.
17
Let u = 1715 + -1676. What is the highest common divisor of 52 and u?
13
Let d be (-291)/(-2) + 87/(-58). Calculate the highest common factor of 8 and d.
8
Suppose -3*j - 5*y = -187, 24*j - 19*j - 337 = -2*y. What is the greatest common factor of 1587 and j?
69
Let j(v) = -8*v**2 - 4*v**2 + 1 - 3*v**3 + 2*v**3 - 10*v - v**3. Let i be j(-5). What is the greatest common divisor of 4 and i?
1
Let c = -30 - -38. Suppose 5*n - 24 = -4*x, 3*x + 1 = -n + c*x. Calculate the greatest common factor of n and 28.
4
Let f = -1623 - -1647. Calculate the greatest common factor of 200 and f.
8
Let l(n) = 18*n**2 - 16*n + 12. Let v(s) = -12*s**2 + 11*s - 8. Let h(o) = 5*l(o) + 7*v(o). Let x be h(-7). Calculate the highest common factor of 29 and x.
29
Let r(x) = 3*x - 17. Let o be r(17). Suppose 4*p - q - 132 = 0, -q - 64 = -3*p + p. What is the highest common divisor of o and p?
34
Let i = -3 - -11. Suppose 5*b = -2*j + 6 + 18, 4*j - 2*b = 0. Suppose 76 = j*n - 36. What is the greatest common divisor of n and i?
8
Suppose 199*l - 197*l - 476 = 0. Calculate the highest common factor of l and 34.
34
Suppose -8*g - 231 = -19*g. Calculate the highest common factor of 357 and g.
21
Suppose 3*u - 6*g - 267 = -9*g, 6 = -3*g. What is the highest common factor of 416 and u?
13
Let k(j) = 28*j - 241. Let m be k(9). What is the highest common factor of m and 275?
11
Let r be 18/1 - (7 + 11 + -17). What is the highest common divisor of r and 34?
17
Suppose m + 14 = 4*t + 50, -2*m + 44 = -t. Let r be (-8)/m + 82/5. Let z = 2 - -6. Calculate the greatest common factor of z and r.
8
Let o = 55 + 22. Suppose -2*w - 5*g = 11 - 0, 3*w + 3*g - 6 = 0. What is the highest common factor of o and w?
7
Let w(z) = z**3 + 11*z**2 + 8*z - 5. Let x be w(-10). Let f be ((-27)/(-3))/(x/10). Calculate the highest common divisor of f and 18.
6
Let f(v) be the second derivative of -v**5/20 - 5*v**4/6 - 11*v**3/6 + 5*v**2 + 5*v. Let a be f(-9). What is the greatest common divisor of a and 7?
7
Let j(i) = 617*i**3 - 2*i**2 - i + 1. Let n be j(1). Calculate the highest common factor of n and 41.
41
Let h(g) = -g**2 + 25*g - 94. Let s be h(19). What is the greatest common factor of 290 and s?
10
Let f = 3 + 1. Suppose f*t = -3*c + 67, t - 63 = -3*t + c. Calculate the highest common factor of t and 32.
16
Let l = 55 + -27. Let s be (-4 + 64/l)*7. Let i(g) = g**3 + 11*g**2 - 14*g - 18. Let d be i(s). What is the highest common divisor of d and 66?
6
Let k = 150 + -111. Suppose -3*x = s - 37, 4*x - 2*x = -2*s + 22. Calculate the greatest common divisor of k and x.
13
Suppose -2*w + 4*w = 4. Let g be (-35)/w*32/(-40). Let y = 13 + 43. What is the highest common divisor of g and y?
14
Let c be ((-26)/(-4))/(-8 + (-836)/(-104)). Calculate the highest common divisor of c and 13.
13
Suppose -20*s + 728 - 128 = 0. What is the highest common factor of 370 and s?
10
Let j = 21 - 17. Suppose -2*y + j*t = 72, -t = -6*t - 20. Let r be (15 - 3)*y/(-16). Calculate the greatest common factor of r and 3.
3
Let v = -54 + 56. Suppose -v*b = -26 - 18. Calculate the greatest common divisor of 66 and b.
22
Suppose -5*n + 6*n - 4 = 0. Suppose 3*y - 4*y + n = 3*v, 20 = -4*y. What is the greatest common divisor of v and 4?
1
Suppose -399 = -9*r + 6. What is the greatest common factor of r and 45?
45
Suppose 0*q + 1085 = 5*q. Suppose 9*d = -46 + q. Calculate the highest common factor of d and 171.
19
Let g(c) = 2*c**3 + c**2 + c - 1. Let y be g(1). Suppose -3*r - 46 = -5*d, 2*r + 2*r + y*d = -13. Let w = 11 + r. What is the highest common factor of 28 and w?
4
Suppose 6 = 5*h - 19. Suppose -h*l = -15*l + 380. Calculate the highest common divisor of 19 and l.
19
Let q = -555 + 625. What is the highest common factor of 28 and q?
14
Suppose -3 = -j + 9. Let w be (-951)/12 - 9/j. Let h be -1*w/(6 - 2). Calculate the highest common factor of h and 200.
20
Let d = -79 + 799. Calculate the highest common factor of 9 and d.
9
Let c(g) = -g**3 + 21*g**2 - 29*g + 33. Let x be c(18). Suppose x = -9*f + 12*f. Let r = -13 - -36. What is the greatest common factor of f and r?
23
Let x = -101 - -141. Let h be (-30)/(-4)*(-32)/(-48). Calculate the greatest common divisor of x and h.
5
Let t = -37 + 48. Suppose -133 = -2*u + u + 3*f, 3*u - 4*f = 379. What is the highest common divisor of t and u?
11
Let c = 17 + -2. Suppose -4*b + 26 = 266. Let u be -6*7/(21/b). Calculate the greatest common factor of c and u.
15
Let x(y) = -y**3 - 7*y**2 - 2*y + 1. Let p be x(-6). Let w = 39 + p. Suppose 0 = -z + w + 61. What is the greatest common divisor of z and 7?
7
Let p = 898 + -498. What is the highest common factor of 560 and p?
80
Let u(y) = y**2 - 6*y + 1. Let a be u(6). Let v be a/(5/2) - 52/(-20). Let b = -35 - -59. Calculate the greatest common factor of b and v.
3
Suppose 4*v - 34 = -2. Suppose -p = -3*j - v, -4*j + 0 = -p + 8. Let g be (36/7)/((-3)/(-14)). What is the greatest common divisor of p and g?
8
Suppose -5*r = 